 -4*p = -7*p - 4*d + 42, 0 = -2*p + 2*d + 14. Calculate the highest common factor of a and p.
10
Let z be 1/2 + 26/4. Suppose -2*u + 3*u = 10. Let s = u - -32. What is the highest common divisor of s and z?
7
Let i(o) = -o + 1. Let c be i(0). Suppose f + 4 = -c. Let j be f/15 + (-38)/(-6). Calculate the highest common divisor of j and 54.
6
Suppose -5*y + 0*a + 718 = a, -2*y - 2*a + 292 = 0. Calculate the greatest common factor of y and 13.
13
Let q = -121 + 271. Suppose 9*x = 7*x + q. What is the highest common divisor of x and 25?
25
Suppose 3*i = 30 + 9. Suppose 0*c - c + i = 0. Suppose 0 = -5*v - 4*p + 114, -4*v - 5*p = -2*p - 92. What is the greatest common factor of v and c?
13
Let k be (3/5)/(2/10). Suppose -k*q = -182 + 17. Let d(r) = -r**2 - 12*r + 11. Let u be d(-11). Calculate the highest common factor of q and u.
11
Suppose -4*r - 3*l + 5 = 0, 3 = -5*r + 4*l + 48. Calculate the highest common divisor of r and 15.
5
Let n(t) = 3*t**2 - 6*t - 6. Let u be n(5). Calculate the highest common divisor of 26 and u.
13
Let w(p) = p**2 - 10*p + 25. Let a be w(9). Calculate the highest common divisor of a and 64.
16
Let g(n) = 7*n + 4. Let z be -2 - 9*-1 - 2. Let j be g(z). Let b = -11 - -37. What is the greatest common divisor of b and j?
13
Suppose 2*x + 2*b - 14 = 108, 5*x - 5*b - 275 = 0. What is the greatest common factor of x and 406?
58
Suppose u - 3*u + 18 = 0. Suppose -467*c + 81 = -464*c. What is the highest common divisor of c and u?
9
Let c(t) = t - 6. Let v be c(6). Suppose v = -x + 4 + 15. Calculate the greatest common divisor of 209 and x.
19
Let j = -10 - -12. Suppose -2*o - j + 10 = 0. What is the greatest common divisor of 4 and o?
4
Let g be 255/11 - (-4)/(-22). Calculate the greatest common factor of 230 and g.
23
Suppose -4*i = 8, 5*k + 3*i - 7*i = 58. What is the highest common divisor of 4 and k?
2
Suppose 6*d - 2*d - 2*i = 4, 6 = 4*d - i. Suppose -3*y + 9 = -d*y. What is the greatest common factor of y and 18?
9
Let y(r) = -8*r**2 + 4 - r**2 - 13 + r**3 + 3*r**2 + 2*r. Let l be y(6). Calculate the highest common factor of l and 27.
3
Let u be 2*-2*(-2 + -2). Let w be 4 - (-1*2 - (1 + -3)). What is the greatest common factor of u and w?
4
Suppose -c = -1 - 1. Calculate the greatest common divisor of 6 and c.
2
Let j(q) = -1 + 10*q**2 - 4*q**2 + 6*q**2 - 2*q. Let l be j(-2). What is the greatest common factor of l and 17?
17
Suppose 5*r + 2*b - 1744 = 0, 0 = 4*r - 0*b + b - 1397. What is the highest common divisor of r and 50?
50
Let r(i) = i**3 - 4*i**2 + 2*i + 3. Let t be r(3). Let o be -2 + (t/2 - -1). Let g = 19 + o. Calculate the highest common divisor of 72 and g.
18
Suppose 2*p + p + 4*s = 490, 4*p - 2*s = 646. Calculate the greatest common divisor of p and 18.
18
Let v be (-8 + (-6)/3)/(-2). Let r = -1 + 3. Let u be (5/4)/(r/8). Calculate the greatest common factor of u and v.
5
Let u be 2/4 + (-36)/(-24). What is the highest common divisor of 4 and u?
2
Let o(c) = 21*c**2 + 1. Suppose -2*f = -2 - 2. Let i be (-1 - -2)/(3 - f). Let k be o(i). Calculate the highest common divisor of k and 33.
11
Let k = -105 + 160. Suppose -59 = -3*r + 70. Let t = -21 + r. What is the highest common divisor of t and k?
11
Suppose 67 = -g - 43. Let d = -66 - g. Suppose 36 - 3 = 3*a. What is the greatest common divisor of d and a?
11
Let g = -10 + 19. Suppose 0 = -d + 29 - g. Suppose -v - v + d = 0. What is the highest common divisor of 80 and v?
10
Suppose 3*y = y + 20. Suppose -2*d - 154 = -y. Let b be d/(-28)*(0 - -7). Calculate the highest common factor of 9 and b.
9
Suppose -x - 34 = -3*l, -2*l + x - 1 + 22 = 0. Calculate the highest common factor of 39 and l.
13
Let o(t) = -3*t**2 + 2*t - 1. Let a be o(-2). Let f = a - -25. What is the greatest common divisor of f and 32?
8
Suppose 549 = 8*o - 1091. Calculate the highest common divisor of o and 5.
5
Let m(q) = -q**2 + 6*q - 2. Let a be m(5). Suppose -y + 3*y = 5*g + a, 2*y + 3*g = 11. Suppose y*p - 6 - 10 = 0. What is the greatest common factor of p and 1?
1
Let y be (8 - -1)*14/(-6). Let m = 35 + y. Suppose -4*o = -197 - 195. Calculate the greatest common factor of m and o.
14
Let b be (-6)/(-4) + 1/2. Let a(i) = i**2 - i - 1. Let n be a(-1). Let k be n/(2/(-12)*-3). What is the greatest common divisor of k and b?
2
Let f = -110 + 188. Suppose 3*l + 3*x - 2*x - 299 = 0, 4*x + f = l. What is the greatest common factor of l and 14?
14
Suppose -4*f - 604 = -4*s, 2*f - s = -3*s - 318. Let k = -109 - f. What is the highest common divisor of k and 115?
23
Suppose -5*a + 3*p = -6 - 1, 0 = -5*a - 5*p + 15. Suppose 3*s + a*s = 40. Suppose c + 332 = 5*h, s - 2 = -3*c. Calculate the greatest common divisor of h and 6.
6
Let q = -3 + 43. What is the highest common divisor of q and 160?
40
Suppose 22 + 27 = 2*h - 5*v, h - 5*v = 37. Calculate the highest common divisor of 60 and h.
12
Let r be (-5)/(-15) - 304/(-6). Let y be 2/(-10) - r/(-5). Let m = -30 - -50. Calculate the highest common factor of y and m.
10
Suppose -z + 2*z + 24 = 0. Let r = -7 - z. Let l = 8 + 43. Calculate the highest common divisor of l and r.
17
Let w(j) = j**3 - 8*j**2 - 11*j + 29. Let t be w(9). What is the greatest common divisor of 121 and t?
11
Let g(q) = q**3 + 15*q**2 + 26*q + 24. Let i(a) = a + 1. Let r(s) = -g(s) + 6*i(s). Let j be r(-14). Calculate the greatest common divisor of j and 6.
6
Let p be (83 - -1) + -4 + 5. Suppose -170 = 2*m - 14. Let s = m - -112. Calculate the highest common divisor of p and s.
17
Let z be 186/4*(-2)/(-3). Suppose -f + 5*y = -z, 0*f - 2*y - 28 = -3*f. Let u be (2/f)/((-1)/(-24)). Calculate the highest common factor of u and 64.
8
Let r = 21 + 24. Suppose -3*z + r = 6. What is the highest common factor of z and 65?
13
Let t = -16 + 26. What is the greatest common divisor of t and 15?
5
Let x = -1 - -3. Suppose 0 = 4*k - 4*w - 8, -k - 5*w + 34 - x = 0. What is the greatest common divisor of k and 49?
7
Suppose -4*x + 45 = -11. Suppose x = 3*o - 16. What is the highest common divisor of 80 and o?
10
Let a = 8 + -4. Let g = 16 - a. Calculate the highest common factor of g and 8.
4
Let n(l) = -l**3 - 2*l**2 + 2*l + 4. Let b be n(-3). Calculate the highest common divisor of b and 70.
7
Suppose n + 8 - 6 = 0. Let z be (n/2)/((-1)/35). Calculate the greatest common factor of 5 and z.
5
Suppose 0*s = -s + 9. Let u = 10 - s. What is the greatest common divisor of 2 and u?
1
Suppose n + 0*n = t - 5, -3*t - n = -19. Let q = 9 - t. Suppose 59 + 70 = 5*i + 3*k, 9 = i - 5*k. What is the highest common divisor of i and q?
3
Let k be 7*(-3)/(-35)*(-50)/(-2). What is the greatest common divisor of k and 75?
15
Suppose -30 + 10 = -4*b. Let c be (-8 + b)/(6/(-8)). Calculate the greatest common divisor of c and 44.
4
Let c be (7/14)/(1/2). Let q be -1 - (-36 + -2 + c). What is the greatest common divisor of q and 24?
12
Let y be 2/(-5) - (-754)/10. Suppose 4*v = -v + y. Suppose -3 = 46*g - 47*g. What is the greatest common factor of g and v?
3
Suppose -4*p - v - 2*v = -51, -5*p + 30 = -3*v. What is the highest common divisor of 99 and p?
9
Let q be 1 + (81 - -2) + -3. What is the highest common factor of q and 27?
27
Suppose -3*w = -6, 3*t + 0*w = -4*w - 532. Let l = t + 351. What is the greatest common factor of 19 and l?
19
Let n be 2 - 4/(2/1). Suppose n*a + 2*a = 4. Let o be a*(-2)/(12/(-39)). What is the highest common divisor of 52 and o?
13
Let w = -1 + -10. Let d = 6 + w. Let f be d/(-2) - (-4)/(-8). Calculate the highest common factor of 1 and f.
1
Let u be (-2)/(-1) + -1 - -17. Let p be (-24)/(-2) + u/6. What is the highest common factor of 165 and p?
15
Suppose 3*k + 0*k + 2*p + 12 = 0, p + 7 = -2*k. Let w be (3 + -6)/(k/10). Calculate the highest common factor of 150 and w.
15
Suppose -3*c - 5*j + 41 = 0, -51 - 8 = -5*c + j. What is the greatest common factor of 36 and c?
12
Let z be (-4 + (2 - -3))*2*8. Calculate the highest common divisor of 4 and z.
4
Suppose -18 = -g + q, 2*g - 3*q + 2*q - 32 = 0. What is the highest common divisor of 126 and g?
14
Let o(p) = 3*p - 3. Let z be o(5). Let n be 29*(-1 - -2) + 1. What is the highest common divisor of n and z?
6
Let r(a) = -2*a - 4. Let i be r(-4). Suppose -14 = -0*m - 4*m - 2*d, -3*m + i*d + 16 = 0. What is the greatest common d